t d(n) = 2*n**3 - 3*n**2 + 3*n - 2. Let x be d(2). What is the greatest common divisor of x and k?
8
Let h(q) = 6*q**3 - 2*q**2 - 3*q + 2. Let a be h(2). Let r = -22 - -53. Let u = 55 - r. What is the highest common divisor of u and a?
12
Suppose -11*p - 1659 + 4442 = 0. Calculate the greatest common factor of p and 22.
11
Suppose -j - 2*j = 12. Let o be j*(-2)/32 + (-3)/(-4). What is the highest common divisor of o and 8?
1
Let p(t) = -10*t**2 + 134*t - 10. Let b be p(13). Calculate the highest common divisor of 224 and b.
14
Let j be (-1)/(2/2)*(-74 - 10). What is the greatest common factor of 60 and j?
12
Suppose -h = -5*d - 10, -2*h + 3*d = -3*h + 2. What is the highest common factor of h and 55?
5
Let u be 1 + -5 + -5 + 23. Suppose 5*r = r + 12. Suppose -160 + 454 = r*c. What is the greatest common factor of c and u?
14
Let r = -28 + 56. Let j = r + -21. What is the greatest common divisor of j and 7?
7
Suppose 0 = 5*h - 848 - 637. Calculate the highest common divisor of 18 and h.
9
Let v = -13 - -16. Let l(w) = -w**2 - 4*w + 1. Let a be l(3). Let o = 35 + a. Calculate the highest common divisor of v and o.
3
Let m be (-8)/(-5) + ((-36)/15)/(-6). Let f be (-7 - 441/(-27))/(m/3). Calculate the greatest common divisor of 14 and f.
14
Let y = -24 - -34. Let g(b) = -b**3 - b + 5. Let h be g(0). Suppose 0 = d - h*d + 160. What is the highest common factor of y and d?
10
Let g(b) = 71*b - 588. Let m be g(9). Calculate the highest common divisor of 17 and m.
17
Let k = 6163 - 6161. Let q(v) be the first derivative of v**3/3 + 2*v**2 + 3*v + 1. Let x be q(-4). Calculate the highest common divisor of k and x.
1
Suppose 577 = 2*p + i, -2*i = -2*p + 4*p - 578. Calculate the greatest common factor of 18 and p.
18
Suppose 0*o - 520 = -5*o. What is the highest common divisor of 52 and o?
52
Suppose 1420 = g + 4*d, -5595 = -4*g - 6*d + 7*d. Calculate the greatest common divisor of g and 112.
56
Suppose -o - 3*v + 22 = 0, -2*o + 14 + 30 = v. Let d = o + -1. Calculate the greatest common divisor of d and 231.
21
Suppose -2 = 431*q - 433*q. Suppose a = 3*t + 1, t + 4*a - 3*a = 5. What is the greatest common factor of q and t?
1
Let h be 4 - (-17)/(34/112). What is the highest common divisor of 540 and h?
60
Suppose 3*b = b + 24. Suppose 6*q - 3*q = b. Suppose v - 3*w = q, v + w - 24 = -w. Calculate the highest common factor of v and 8.
8
Suppose 56 = -7*h - 63. Let c = -15 - h. What is the highest common factor of 2 and c?
2
Suppose 0 = -5*u - 0*l + 2*l - 239, 39 = -u - 4*l. Let w = -45 - u. Calculate the highest common divisor of 3 and w.
1
Let h = 198 + -27. Let q = -9 + 32. Suppose -q = 6*s - 137. What is the highest common divisor of s and h?
19
Suppose 14*b = 12*b + 4. Let n be ((-5)/(-4))/(b/56). Let t = -10 - -17. Calculate the greatest common factor of n and t.
7
Suppose -4*c = -3*z + 410, 0 = z + 3*c - 121 - 33. Calculate the greatest common factor of 2 and z.
2
Let g be 76/28 + 12/42. Suppose 3*p - 4*s = -0*s + 57, p - g*s - 24 = 0. What is the greatest common divisor of 75 and p?
15
Suppose -4*j + 430 = -2*d, -9*d + 14*d - 221 = -2*j. What is the highest common divisor of 126 and j?
18
Suppose -361 + 93 = -4*i - 4*s, -2*i + 2*s = -118. Let u = 11 - 4. Calculate the greatest common divisor of i and u.
7
Let g be 4/(-4) + -2 - -108. Suppose -9*m + 2*m = -g. What is the greatest common factor of m and 6?
3
Let a(w) = 18*w - 4*w + 1 - 3 - 10 + w**3 - 14*w**2. Let f be a(13). Suppose k + 2 = -5*y, 3*y + 23 - f = 2*k. Calculate the highest common factor of k and 56.
8
Let f(b) = -19*b**3 + 2*b + 1. Let t be f(-1). Calculate the greatest common factor of t and 792.
18
Suppose 3*p = 5*u + 1996, 3*p + 5*u = 1822 + 184. What is the greatest common factor of p and 29?
29
Let t(x) = -x**3 - x**2 - x + 4. Let z be t(0). Suppose -6 = l - 4. Let q be (22/(-4))/(l/z). What is the greatest common factor of 11 and q?
11
Let n(g) = 18*g + 14. Let k be 3/(-1*(-2)/(-14)). Let h be 7/(k/(-6)) - -3. Let l be n(h). Calculate the highest common factor of l and 13.
13
Suppose 6 = 2*q, 5*q - 66 = -v + 31. What is the highest common divisor of 1 and v?
1
Suppose 13*b = 12*b + h + 23, 4*b + 2*h = 68. Let f(n) = -n**3 - 5*n**2 - 5*n - 9. Let d be f(-6). Calculate the highest common factor of b and d.
19
Let a be -1 + -1 - 450/(-3). Calculate the greatest common factor of a and 37.
37
Suppose -144 = -g - 3*g. Let l(c) = 2*c + 49. Let f be l(-20). What is the greatest common divisor of f and g?
9
Suppose -2*v + 8 = 3*z, 4*v = 5*z - 0*z - 6. Let o = -20 - -28. Calculate the highest common divisor of z and o.
2
Let w = -25 - -41. Let d be 4/w - (-33)/12. Suppose 0 = -4*u - d*o + 645, 2*o - 485 = -3*u + o. What is the greatest common factor of u and 18?
18
Let x be -3*((-1)/1 + -7). Suppose x = a + a. Let w = -17 - -25. Calculate the greatest common factor of w and a.
4
Suppose 5*t = 5*m - 220, 3*m - 114 = -2*t - t. Suppose 0 = -8*b + 231 + m. What is the greatest common factor of b and 17?
17
Let s(d) = -d**3 + 18*d**2 - 36*d - 22. Let x be s(11). Calculate the greatest common divisor of 39 and x.
39
Suppose -3*b - 2*j + 1 + 16 = 0, 0 = 5*b + 4*j - 29. Suppose 0*f = -b*f + 275. Calculate the highest common divisor of f and 11.
11
Suppose -27*j + 2064 = -22*j - 3*d, 3*d - 1248 = -3*j. What is the highest common divisor of j and 92?
46
Let k = 29 - 19. Let y be k*((-15)/(-10) - 0). Calculate the greatest common divisor of 120 and y.
15
Suppose 15 = -3*j + 45. Let z(x) = x**2 - 6*x - 10. Let a = 13 + -3. Let r be z(a). Calculate the greatest common divisor of j and r.
10
Suppose 24 = 2*n + 4*o, 2*o - 9 + 1 = n. Let g be n*-1 - (-48)/((-15)/(-5)). What is the greatest common divisor of g and 42?
14
Let b = -11 - -15. Suppose 10 = 3*k + b. Suppose 429 = j + k*j. What is the highest common divisor of j and 13?
13
Suppose 5*z = 3*z + 64. Suppose -z = -2*w - 5*y, 0 = 3*y - 6*y. Suppose 3*f + 33 = 3*n, -2*f + w - 50 = -4*n. Calculate the greatest common factor of 3 and n.
3
Suppose -5*i + 5 = -2*a, -4*a - i + 55 = 2*i. Let r be (135/6)/(5/a). Suppose -147 = -2*f - r. What is the greatest common divisor of 17 and f?
17
Let u = 527 - 525. What is the highest common divisor of 19 and u?
1
Let b(j) = -6*j + 3*j + 5*j**2 - 4*j + j**3 - 3 + 2*j. Let x be b(-5). Suppose -2*o + 5*k + 2 = o, k = 3*o - x. Calculate the highest common factor of o and 1.
1
Suppose 9*t - 14 = 2*t. Suppose t*h - 10 - 10 = 0. What is the greatest common divisor of h and 40?
10
Let i = 19 + -19. Suppose i = l + l - 144. Let n(v) = v**2 - 2*v + 3. Let k be n(-3). Calculate the highest common factor of k and l.
18
Let x be 2/((-148)/420 - 6/(-21)). Let z be ((-5)/(x/36))/((-2)/(-25)). What is the highest common divisor of 50 and z?
25
Suppose -33*k + 78 = -30*k. Calculate the greatest common factor of 221 and k.
13
Suppose -3*n + i + 38 = 0, -2*n - 2*n - 3*i + 55 = 0. Suppose 0 = -15*a + 20*a - 325. Calculate the highest common factor of n and a.
13
Let d = -3034 + 3049. Calculate the greatest common divisor of d and 105.
15
Let j = -32 - -34. Suppose -3*a + 170 = j*a. Calculate the greatest common divisor of 85 and a.
17
Suppose -10*m + 483 + 17 = 0. Suppose 4*r - 82 + m = 0. Calculate the highest common divisor of 2 and r.
2
Let d(r) = 3*r**2 + 8*r + 14. Let h(k) = -8*k**2 - 23*k - 41. Let j(p) = 11*d(p) + 4*h(p). Let t be j(-5). Calculate the highest common divisor of 7 and t.
7
Suppose 0 = -3*u - u + 180. Calculate the greatest common divisor of 60 and u.
15
Suppose 0 = -34*a + 21*a + 676. Calculate the greatest common divisor of 28 and a.
4
Let q(x) = -41*x**2 + 2*x - 2. Let w be q(1). Let o = w + 77. Calculate the greatest common factor of o and 4.
4
Suppose 5*d + 39 = 3*y + y, 3*y - 23 = 5*d. What is the highest common divisor of y and 80?
16
Suppose 2*r + 12 = 6*r. Let f be ((-42)/9)/(r/(-9)). Calculate the greatest common factor of 14 and f.
14
Let a(f) = -2*f**2 - 16*f - 14. Let z be a(-6). Calculate the highest common factor of 430 and z.
10
Let p = -56 - -67. Suppose 283 = b - p*s + 12*s, b - 274 = -4*s. Calculate the highest common divisor of 11 and b.
11
Suppose 0 = 4*l + 6 - 14. Suppose x - l*z = 134, 4*z + 2 = 2*z. What is the greatest common factor of 11 and x?
11
Suppose -15*h + 478 + 737 = 0. What 